**5/120 - t**4/6 + 2*t. Let l(h) be the third derivative of c(h). What is the units digit of l(-8)?
5
Let x = 9 - 6. Suppose x*h - 12 = 15. What is the units digit of h?
9
Suppose 0 = -3*w - o - 7, o = 5*w + 10 + 15. Let l be 33/w + 1/4. What is the units digit of (1*-2)/(l/4)?
1
Suppose -4*o = -2*o - 158. What is the tens digit of o?
7
Let b be 7/(-3) + (-3)/(-9). Let o be (2 + b)/(1 - 2). Suppose -2*m + 0 + 4 = o. What is the units digit of m?
2
Let y(x) = x**2 - 4*x - 3. Let w be y(4). Let j be (-1)/3 + (-13)/w. What is the tens digit of (-16)/(-6)*18/j?
1
Let y be ((-4)/(-3))/((-2)/(-12)). Let u = y + -6. What is the units digit of (3 - u)*5 + 1?
6
Let j(d) be the first derivative of d**3/3 + 3*d**2/2 - 2*d + 1. Let o be j(-4). Suppose -2*s + 4*s = o. What is the units digit of s?
1
Suppose -5*w - 118 = 122. Let z = w + 74. What is the tens digit of z?
2
Let g = -110 + 5. Let a = -75 - g. What is the tens digit of a?
3
Suppose -2*a - 2*m + 58 = 0, -4*a + a + m = -79. Suppose 2*b + w - a = 6*w, -30 = -4*b + 2*w. Suppose b = 3*o - 0*o. What is the units digit of o?
2
What is the tens digit of (-4 - -14)*(-15)/(-6)?
2
Let z be 3 + 1/2*2. Suppose -6 + 2 = z*s. Let t = 2 - s. What is the units digit of t?
3
Let y(b) = 2*b**3 - 33*b**2 - 9*b - 21. What is the units digit of y(17)?
5
Let k be 12/(-30) + 24/10. Suppose -3*f = -k*f - 23. Suppose 7 - f = -4*m. What is the units digit of m?
4
Let a = 25 - 15. Suppose 15*f - 185 = a*f. What is the tens digit of f?
3
Let j be 6/(6/4 + -3). What is the units digit of (-3)/(j - -1)*16?
6
Let o(u) = -u**3 - 7*u**2 - 7*u - 7. Suppose 7 = -m + 1. Let h be o(m). What is the units digit of (h + 2)/((-2)/(-2))?
1
Suppose -747 = 12*u - 21*u. What is the tens digit of u?
8
Let a = 32 + -3. What is the units digit of a?
9
Suppose 0 = 5*w - 96 - 24. What is the tens digit of w?
2
Let b = -3 + 2. Suppose -2*m = 13 - 35. Let c = m + b. What is the tens digit of c?
1
Suppose 4*r - 3*z - 151 - 49 = 0, 3*r = z + 145. What is the units digit of r?
7
Suppose w + 2 + 5 = 2*l, 2*l + 3 = -w. What is the units digit of (-34 - 1)*3/w?
1
Suppose 0 = -l + 22 + 41. What is the tens digit of l?
6
What is the tens digit of (-531)/(-5) - 5/(125/(-20))?
0
Let r be ((-8)/12)/((-4)/(-18)). What is the tens digit of (r/(-6))/(-1)*-26?
1
Suppose 0 = 4*j + 3*y - 150, -74 = -2*j + 2*y - 3*y. What is the tens digit of j?
3
Suppose -8*d = o - 4*d - 7, -o - 5*d + 7 = 0. What is the units digit of o?
7
Let t be (-1960)/(-42) - 4/6. Suppose t = 2*m + 3*n - 44, n - 82 = -2*m. What is the tens digit of m?
3
What is the units digit of (-2 - 2 - -2) + (-630)/(-3)?
8
Let b(z) = -4*z + 12. Let j be b(11). Let i = j + 80. What is the units digit of i?
8
Suppose 332 = 5*s + 82. Let o = -35 + s. What is the units digit of o?
5
Let t(y) = -y + y**2 - 2 + 2 - 3. Let s be t(4). What is the units digit of (-3)/s - 16/(-3)?
5
Let a(p) = 25*p**2 + p + 1. What is the tens digit of a(-1)?
2
Let u(d) = d + 12. Let c be u(-7). Suppose -2*m - 2*a + 1 = -15, -2*m - c*a = -19. What is the units digit of m?
7
Let a(z) = z**2 + 4*z - 4. Suppose -o = 5*h - 32, 3*o + 3*h = 2*o + 22. Suppose o = 3*d + 22. What is the units digit of a(d)?
1
Let d(u) = u**3 - 9*u**2 - u + 11. Let q be d(9). Let l(k) = 3 - 3*k - 2 + q*k**2 - 2. What is the units digit of l(-2)?
3
Suppose -k - 4 = 0, 4*a = a - k + 8. Suppose -4*w - 19 - 8 = 3*o, -11 = a*o - 3*w. What is the units digit of (o + 2)/3*-3?
3
Let v(n) = n - 2. Suppose 4*x = 4 + 28. Suppose -4*a = x, 5*i - 5*a = -3 + 58. What is the units digit of v(i)?
7
Suppose 0 = 3*h - 0*h - 105. What is the units digit of h?
5
Let d be ((-9)/(-3) - 3)*-1. Suppose d = -5*r + 33 + 92. What is the tens digit of r?
2
Let u(z) = -z - 3. Let h be u(5). Let g = -4 - h. What is the units digit of g?
4
What is the hundreds digit of 23943/161 + 2/7?
1
Suppose 5*f = 2*f + 18. Suppose 4*q - f = 3*q. Suppose q*y - 20 = y. What is the units digit of y?
4
Suppose 3*p = 3*l - 6*l + 108, -3*l = p - 40. What is the tens digit of p?
3
Let z(t) = t + 4. Let a be z(-4). Let r be (a/1)/(-1) - -5. Suppose 16 = r*n - n. What is the units digit of n?
4
Suppose 27 = 6*s - 3*s. Suppose -24 = -d - s. What is the units digit of d?
5
Suppose -8*w + 445 + 1867 = 0. What is the units digit of w?
9
Let b = 8 + -1. What is the units digit of b?
7
Let z = -226 + 479. What is the tens digit of z?
5
Suppose -15*f = -12*f - 258. What is the units digit of f?
6
Let c(h) = h**3 + 9*h**2 + 5*h - 5. Let f = -10 + 2. What is the units digit of c(f)?
9
Let l be -2*(-1 + (-5)/2). What is the tens digit of -36*l/(63/(-6))?
2
Suppose -10*o = -333 + 63. What is the tens digit of o?
2
What is the units digit of ((-8)/6)/(2/(-48))?
2
Suppose 5*n - 4 = -4*l, 0 = -2*n - n - 12. What is the units digit of l?
6
Suppose -5*w + 3 + 17 = 0. Suppose -5*n + 10 = -i + 37, w*n + 26 = 3*i. What is the units digit of i?
2
Let n be 50/18 + (-6)/(-27). Suppose -3*w + 183 = 2*w + p, -5*w - n*p = -179. Suppose -4*k - 3*u = -0*u - 47, 0 = -3*k - 4*u + w. What is the units digit of k?
1
Let c(b) = b**3 + 5*b**2 - b + 3. Let f be c(-5). Let h = 9 + f. Let k = 31 - h. What is the tens digit of k?
1
Let z = -6 - -23. What is the tens digit of z?
1
Let c be 12 - (-1)/(3/(-6)). Let b = c + -2. What is the units digit of b?
8
Let j(i) be the third derivative of -29*i**6/120 + i**5/60 + i**4/24 + i**3/6 - 3*i**2. What is the tens digit of j(-1)?
3
Suppose 3*w = -2*b + 810, 4*w - 760 - 320 = 4*b. What is the tens digit of w?
7
Let j(l) be the first derivative of l**4/4 + 2*l**3 - 3*l**2/2 - 3. What is the tens digit of j(-6)?
1
Let w(i) = 2*i + 15. What is the units digit of w(12)?
9
What is the tens digit of 4/6 + 98/6?
1
Suppose b - 3*b + n + 368 = 0, 0 = -3*b - 4*n + 563. What is the tens digit of b?
8
Suppose 10*b - 8*b - 68 = 0. What is the tens digit of b?
3
Let y = -10 + 13. Suppose 8 = r - 4*o, y*r + 4*o - 56 = -0*r. What is the units digit of r?
6
Suppose 219 = 5*d - 3*b, -3*d + 17 + 100 = 3*b. Let l = d - 19. What is the units digit of l?
3
What is the units digit of (1 - -2) + (15 - -1)?
9
Let x(f) = -2 + 4 + 4*f - 1. What is the tens digit of x(4)?
1
Let n(f) = f**2 + 5*f - 4. Suppose 4*g + 33 = 3*x - 0*x, g = -4*x + 6. Let l be n(g). Suppose 9 = l*y + y. What is the units digit of y?
3
Suppose 5*b - 16 + 1 = 0. Let w(t) = 6*t**2 + 2*t**2 + 4 - 2*t**b + t**3. What is the units digit of w(8)?
4
Let y(u) = u + 6. Let b(p) = -p**3 + 6*p**2 + 8*p - 7. Let z be b(7). Let n be y(z). Suppose -n = -0*t - 2*t. What is the units digit of t?
3
Let l(j) = 2*j**2 + 4*j - 1. Let q be l(-3). Suppose 5*x = 2*c - 6, -2*x + 2 = 2*x - q*c. What is the units digit of (-413)/(-21) + x/3?
9
Let j(u) = -u**2 + 24*u + 24. What is the tens digit of j(23)?
4
What is the units digit of 6/14 + (-5104)/(-112)?
6
Let o(v) = -3*v - 14. Let a be o(-6). Suppose -l - i + 45 = l, 4 = a*i. What is the tens digit of l?
2
Suppose 2*s - 45 = -3*s. Let p = s - 4. What is the units digit of p?
5
Suppose -z + c + 3 - 1 = 0, 4*z = -2*c + 14. Suppose z*h = 86 + 16. What is the tens digit of h?
3
Suppose 0 = -m - 3, 0 = -0*v - v + 5*m + 103. What is the tens digit of v?
8
Suppose -4*m - 102 - 68 = -5*u, -u = -5*m - 55. Suppose 55 = 4*y - 3*a - 0*a, -u = -5*y - 4*a. What is the tens digit of y?
1
Let b(j) = -j**2 + 3*j. Let i be b(3). What is the units digit of 8/6*(12 + i)?
6
Suppose -5*t + 80 = -75. Suppose -t = -5*k + 14. What is the units digit of k?
9
Let n(q) = q. Let j be n(-3). Let i(p) = -p**3 - 3*p**2 + p + 4. What is the units digit of i(j)?
1
Let b = -5 + 14. What is the units digit of b?
9
Let d = 14 + -27. Let y = -1 - d. What is the units digit of y?
2
Suppose 0 = -3*r - 0*r + 12. Let m = r + 0. What is the units digit of m?
4
What is the units digit of 87/3 - (0 + -3)?
2
Let h be (-15)/6*(9 + -5). Let d(c) = -6*c - 13. What is the tens digit of d(h)?
4
What is the units digit of (-2)/(-2) - (-185 + -6 - 3)?
5
Let i be (-10)/15*(-1 - -4). Let n = i + 5. What is the units digit of n?
3
Suppose c + 1 = -2. What is the units digit of (c/9)/(1/(-45))?
5
Let f = 16 - 14. Suppose 3*w - 6 = 2*w - 5*g, -2*w - f*g + 36 = 0. What is the tens digit of w?
2
Let g(f) = 9*f + 36. What is the units digit of g(7)?
9
Suppose -2*j + 68 = 2*g - 254,